14*j + 7. Let h be u(l). What is the greatest common divisor of 7 and h?
7
Suppose 0 = -26*i + 29*i - 99. Let k(m) = m**2 + 0 - 4 + 13*m**2 - i*m + 34*m. Let h be k(2). What is the highest common factor of h and 18?
18
Suppose -3*i = -3*o - 6, 12*o = 9*o + 12. What is the greatest common divisor of i and 512?
2
Let n(f) = f**2 - 42*f + 418. Let l be n(14). What is the highest common factor of 5798 and l?
26
Suppose -132 = -5*g + 2*b, 2*g - 4*b - 39 = 1. Let l be (2 - 0)/(-2) + -444. Let u = l + 669. What is the highest common factor of u and g?
28
Let r = -66 - -72. Let f be (18/(-15))/(r/80). Let z be (-74)/(-8) + 20/f + 1. Calculate the greatest common factor of 99 and z.
9
Let v be 177/472 - (-266)/16. Suppose -v*q + 2395 - 899 = 0. Calculate the highest common divisor of q and 48.
8
Suppose 2*z - 3*x - 1032 = 0, -5*z + 2649 = -56*x + 60*x. Calculate the greatest common factor of 500 and z.
25
Let y = 32 - 32. Suppose y*i + 3*p - 7 = -i, 3*i = 3*p + 9. Let q be ((-6)/i)/((-36)/(-48)) - -464. Calculate the greatest common factor of q and 42.
42
Suppose 1 = i - 1. Let q(v) = 16*v + 99. Let r(j) = 5*j**3 + j**2 - 2*j - 4. Let b be r(-1). Let l be q(b). What is the greatest common factor of l and i?
1
Suppose -1464*q - 10 = -1474*q. What is the highest common divisor of q and 29?
1
Suppose -t = 4*h - 28, -5*h = 2*t - 5*t - 1. Let f be (-1044)/9*(-12)/t. Calculate the highest common factor of 6 and f.
6
Suppose -8*q = -0*q - 45*q. Let w be 1/(1/4*2). Suppose w*v - 29 - 28 = -3*b, q = -5*b - 5*v + 100. Calculate the highest common divisor of b and 68.
17
Suppose -3*n - 5*f + 95 = 0, 0 = n - f + 4 - 41. Let l be -2 + (0 - (-9)/3). Let c be (14/(-4))/(l/(-6)). What is the highest common divisor of n and c?
7
Suppose 43215 = 210*t + 125*t. Suppose -9*y = -10*y + 172. Calculate the greatest common factor of y and t.
43
Let a be -2 - (8/(-36) + (-364)/63). Suppose 0 = 2*u + 2*o - 616, -a*u - 3*o + 580 + 649 = 0. Calculate the greatest common factor of u and 183.
61
Suppose v - 5*m - 400 = 0, -4*v + 1644 = -161*m + 163*m. What is the greatest common divisor of 20 and v?
10
Suppose -4*h = 84*f - 87*f - 4405, h + 2*f - 1082 = 0. Calculate the highest common factor of h and 24.
8
Let n = 163 - 108. Suppose -35*r + 37*r + v - 32 = 0, -5*r = -3*v - 25. Calculate the highest common factor of r and n.
11
Suppose 20768 - 70025 = -276*h - 145*h. Let x = 17 - 4. Calculate the highest common divisor of x and h.
13
Let f = 4000 + -3874. Calculate the highest common factor of 540 and f.
18
Suppose 0 = -2*z + 8*z - 22537 + 2629. What is the greatest common factor of z and 14?
14
Let y = -126 + 153. Let b = 58 - 56. Let q be (-1)/b*-14*(-432)/(-56). What is the highest common factor of y and q?
27
Let h = -2 + 17. Let p = -437 - -423. Let k be 18*(63/p - -7). What is the greatest common factor of h and k?
15
Suppose 60*s - 63427 = -59*s. Calculate the highest common factor of s and 169.
13
Suppose 75*t - 6*t - 3266 = -2*t. What is the greatest common factor of 1472 and t?
46
Let i = -278360 - -278373. Suppose 0 = -4*w - 5*y + 1464 + 2416, 3*w + y = 2921. Calculate the greatest common divisor of i and w.
13
Suppose -4*v = -9*v + 30. Let h be 6/((-36)/(-15))*v. Suppose -2*y - 3*d - 2*d = -165, -3*d = -h. Calculate the greatest common factor of 14 and y.
14
Suppose 2*i + 72 = 5*a, a = 3*i + 52 + 30. Suppose -17864 = -106*s - 7158. Let x = i + s. Calculate the greatest common factor of 30 and x.
15
Suppose 14*y + 156 + 2672 = 0. Let j = y + 331. Calculate the highest common factor of 6 and j.
3
Let i(p) = 440*p + 11543. Let m be i(55). Calculate the greatest common factor of m and 31.
31
Let u(z) = 47*z - 385. Let t be u(12). Let v = -35 + t. What is the highest common factor of v and 180?
36
Let s be 4 + -5 + 5 - (2 - -254). Let b be 20/((-42)/s - (-1)/2). Calculate the greatest common divisor of 1410 and b.
30
Let c(v) = 2*v**2 - 12*v + 6. Let g be c(7). Calculate the greatest common factor of 580 and g.
20
Let s(w) = 2*w**2 + 17*w - 7. Suppose y = -3*y + 40. Let b be 22*((-10)/2)/y. Let u be s(b). Calculate the highest common divisor of 6 and u.
6
Let q(x) = 212 - 72*x + 41*x + 40*x + 66. Let i be q(43). What is the highest common divisor of 35 and i?
35
Let y = 3 - 1. Let m(q) = -q + 9*q**2 - 17*q**2 + 7 + 27*q**y. Let g be m(2). Calculate the highest common factor of 9 and g.
9
Suppose n + 5*n - 300 = 0. Let h be 349/(-9) + 4/(-18). Let y = n + h. Calculate the greatest common divisor of y and 121.
11
Suppose 33*o - 171 = -6*o - 15. Suppose 0 = 2*s - 6*s. Suppose o*p - 45 - 11 = 3*y, 4*y = s. What is the greatest common factor of 154 and p?
14
Let h(m) = -2*m**3 + 30*m**2 + 57*m - 298. Let v be h(16). What is the highest common divisor of 1326 and v?
102
Let p = 62 + -59. Suppose 2*j = -p*j + 10. Suppose 8*r = 26 - j. What is the highest common factor of r and 12?
3
Let q(a) = -5*a**2 + 38*a + 7. Let w be q(7). Suppose w*m = 25*m + 126. Calculate the greatest common divisor of m and 70.
14
Let k(d) = 2. Let i(o) = 40*o**2 - 4*o + 56. Let b(u) = i(u) - 24*k(u). Let f be b(2). Suppose 0 = p - 20 - 0. What is the greatest common divisor of p and f?
20
Suppose v + l - 450 = 0, -2*v - 4*l - 193 = -1091. Suppose 100 = 19*p - v. Calculate the highest common factor of 116 and p.
29
Let l = -21 - -40. Suppose -4*x - 5*k = -607 + 45, 0 = 3*x + 4*k - 423. Calculate the highest common divisor of x and l.
19
Suppose -42 = -3*u + 6. Suppose 11*t - u*t = -175. Suppose -53 + t = -3*v. Calculate the highest common divisor of v and 15.
3
Let m be (166/18 - 9) + 11332/36 + 4. Let z(x) = -5*x**2 + 3*x - 4. Let j be z(-6). Let o = m + j. Calculate the greatest common divisor of 13 and o.
13
Let h be (-6)/(-4)*-1 + (-5)/2. Let u be 11 - -2*6/h. Suppose -u = -2*g + c, 4*g - 24 = -3*c + 12. What is the highest common divisor of 42 and g?
6
Suppose 7*l - 55 + 6 = 0. Suppose -238 = -0*w - l*w. Let t = -13 + w. What is the greatest common factor of 105 and t?
21
Let i(c) = c**3 - 3*c**2 - 23*c - 7. Let q = 554 - 547. Let a be i(q). What is the greatest common factor of a and 77?
7
Suppose -4*y - 477 = -4*n + 55, -194 = -2*n - 6*y. Calculate the greatest common divisor of 128 and n.
4
Let h(p) = -6*p**3 - 206*p**2 - 28*p + 1792. Let s be h(-34). Let r = 17 - 1. Calculate the highest common factor of s and r.
16
Suppose 39*x - 24250 = 11825. Calculate the highest common divisor of x and 400.
25
Suppose 0 = 2*m - 24 - 16. Suppose -31*d - 25587 = 7366. Let u = d - -1068. Calculate the highest common divisor of m and u.
5
Let b(j) = 10*j**2 + 115*j - 33. Let c be b(-12). Calculate the greatest common divisor of 36 and c.
9
Let m(b) = 3*b**3 - 138*b**2 - 33*b + 94. Let t be m(47). What is the highest common divisor of 110 and t?
110
Let u(f) = -10*f - 33. Let p(b) = 3*b + 11. Let r(y) = 14*p(y) + 4*u(y). Let n be r(-10). Let h = n - -34. What is the highest common factor of h and 9?
9
Let z be -3 - (-2 - (-1)/(-1)). Let g be 0 + (2 - -4) + z + 237. Calculate the greatest common divisor of 3 and g.
3
Suppose 0 = -7*s - 48*s - 10*s + 2241720. Calculate the highest common divisor of 72 and s.
72
Let c be 1341/63 - 40/(-56). Let h be ((-48)/20 - -2)*-5. Suppose -q + 96 = 4*i, -5*i + h*i + 270 = 3*q. Calculate the greatest common factor of c and q.
22
Let d(k) = 21*k - 3. Let r(g) = -g. Let z(m) = d(m) + 4*r(m). Let y be z(3). Suppose -y*v + 35 = -43*v. What is the greatest common divisor of 35 and v?
7
Let r be (7/(-7))/((-4)/9880). What is the highest common factor of r and 520?
130
Suppose t - 8 + 12 = 0. Let u = 10 + t. Suppose 52*v + 64*v - 534 = 27*v. What is the greatest common factor of u and v?
6
Suppose 2*m + 67*m = 8*m + 598105. What is the highest common factor of m and 185?
185
Let a be (96/(-10))/((-186)/465). Suppose 0*t + 27 = 3*t. Suppose a*m = 25*m - t. Calculate the highest common divisor of 81 and m.
9
Suppose -25*b + 67457 = -71821 + 49978. Calculate the highest common factor of 532 and b.
76
Let l be 5*1 + (294 - -1344). Calculate the highest common divisor of 265 and l.
53
Suppose 120 = 3*b - 60. Let t be (-3 + (-4 - -13))/(6/(-1612)). Let z = t + 1702. What is the highest common divisor of b and z?
30
Suppose x + v = 408, -2*x - 60*v + 65*v = -851. What is the highest common